at is the remainder when 14 is divided by (y/(-20))/(2*(-1)/(-5))?
2
Suppose 3*r + 0 = -3*k + 30, 2*r = -3*k + 24. Calculate the remainder when (4 - 3 - 0)*3 + r is divided by 4/((-48)/27)*(-32)/12.
3
Let r(t) = -501*t - 2315. What is the remainder when 19378 is divided by r(-5)?
188
What is the remainder when 437 is divided by (-1 + 2)/(1022/112 + -9)?
5
Let q(h) = -255*h - 198. What is the remainder when q(-2) is divided by 56?
32
Suppose -36*c = 35*c - 1420. Let j(u) = 6*u + 6. What is the remainder when j(5) is divided by c?
16
Let c(s) = s**3 + 5*s**2 + s - 13. Let m be c(-4). Let x be m + 4 - 5/1. What is the remainder when 4 is divided by 1/x*(13 - 9)*-1?
0
Suppose 202 - 166 = 2*d. Let z = -16 + 27. Suppose 0 = -w - 1 + z. Calculate the remainder when d is divided by w.
8
Suppose -7*p = -9*p + 6. Let i(k) = 41 - 34 + k**2 - 2*k**2 + p*k + 0*k. Calculate the remainder when 8 is divided by i(4).
2
Let i(u) = u**2 - 6*u - 47. Suppose 75*r - 62*r = 4524. What is the remainder when r is divided by i(-5)?
4
Let i = -666 - -694. Let f(a) = 9*a - 1. Calculate the remainder when i is divided by f(1).
4
Let d be (20/(-16))/((-6)/24). Suppose -2*c + d*p - 1 = -50, c - 26 = 2*p. What is the remainder when 54 is divided by c?
22
Let v(d) = -5*d - d**2 + 3*d - 8 + 13. Let w be v(0). Suppose w*k + 300 = 9*k. What is the remainder when k is divided by 16?
11
Let l be 244/1 + (-46 - -38). Suppose -2*g = -4*r + 434, -2*g - 16 = 2*r - l. What is the remainder when r is divided by 14?
11
Suppose -4*r + 21773 = -5*t, -8*r + 11*r = -3*t + 16377. What is the remainder when r is divided by 18?
16
Suppose 7*w - 20 + 6 = 0. Suppose 7 + 3 = w*s. Suppose 8 + 2 = s*d. Calculate the remainder when 7 is divided by d.
1
Suppose 3*r + 19 = o - r, 3*o = -2*r + 1. Suppose o*d - a = 320, 0*a + 4*a = -20. Calculate the remainder when d is divided by 27.
24
Let r = -466 + 542. What is the remainder when 274 is divided by r?
46
Let f = -1402 + 1849. Calculate the remainder when f is divided by 88.
7
Let z be 6/(-15) + 15/(-25) - -3. Let j(h) = 14 - 4 + 10*h + 14 + z. What is the remainder when j(6) is divided by 45?
41
Suppose 0 = u + 2, 3*w - 131*u + 130*u - 131 = 0. What is the remainder when 3351 is divided by w?
40
Let h = 247 + -263. Let j(m) = -m**2 - 19*m + 29. Calculate the remainder when 224 is divided by j(h).
70
Let w be (-2 + 1 + 1)/1. Suppose w = -8*t + 36 + 12. Suppose 4*o - 94 = 3*a, -5*a + 3 - 123 = -5*o. Calculate the remainder when o is divided by t.
4
Let c(q) = -14*q**2 + 29*q - 6. Let u be c(7). Let l = 613 + u. What is the remainder when l is divided by 27?
16
Let m(i) = i**3 - 32*i**2 + 34*i + 292. Calculate the remainder when m(31) is divided by 149.
87
Let c(o) = -2*o + 8. Calculate the remainder when (-636)/(-14) - 24/56 is divided by c(-7).
1
Let q = -637 + 433. Let p = q - -221. Calculate the remainder when p is divided by 2.
1
Let q = 2059 - 1431. What is the remainder when q is divided by 90?
88
Let r(c) = -5*c**3 + c**2 + 4*c + 4. Let t(k) = -191*k - 2326. What is the remainder when t(-13) is divided by r(-2)?
37
Calculate the remainder when (4179/(-15))/(11 - 504/45) is divided by 41.
40
Suppose -17*b + 12*b = 15. Calculate the remainder when 1/b - 5122/(-39) is divided by 12.
11
Suppose 0 = -3*x - 36. Calculate the remainder when 129 is divided by (x/(-7))/(4/28).
9
Let f(p) = -p**3 + 13*p**2 - 8*p - 14. Let h be f(9). Suppose -18*g = -g - h. Calculate the remainder when 50 is divided by g.
8
Calculate the remainder when ((-3078)/(-10) + -3)/(1*3/10) is divided by 65.
41
Let k(r) = -r**3 + 13*r**2 - 10*r - 11. Let h(a) = a**3 - 5*a**2 + 4*a. Let w be h(4). Suppose 84 + w = 7*f. What is the remainder when 48 is divided by k(f)?
9
Suppose 0 = -4*v - 2*d + 60, -143 + 195 = 4*v + 4*d. Let c = 375 - 259. Calculate the remainder when c is divided by v.
14
Let f = -1363 - -1390. Calculate the remainder when 143 is divided by f.
8
Let w be (-1)/((1 - 3)/(-22)). Let q = 2 - w. What is the remainder when (-222)/(13 - (5 - -14)) is divided by q?
11
Let i(f) = f**3 + 34*f**2 + 102*f - 82. What is the remainder when i(-30) is divided by 117?
107
Suppose -5*v + 428 = -967. Suppose -4*p - 75 = -v. Suppose -3*n - 88*y = -83*y - 113, -2*y = -2*n + 38. Calculate the remainder when p is divided by n.
25
Let j be 2/(-15)*-87 - 14/(-35). Suppose 13*o = 16*o - j. Suppose o*c = -c + 235. What is the remainder when c is divided by 12?
11
Let x = 152 - -230. Calculate the remainder when 3076 is divided by x.
20
Suppose 198 = 3*i - 4*v, 16*i - 13*i - v - 189 = 0. Calculate the remainder when 888 is divided by i.
20
Let p(f) = -6*f**3 - f**2 - f - 2. Suppose 6*n + 2*i = 5*n + 31, -5*n + 2*i + 59 = 0. Calculate the remainder when p(-2) is divided by n.
14
Let y be ((-45)/(-20))/3*140. Suppose -10*v - y = -475. Let t(z) = z**2 + 8*z. Calculate the remainder when v is divided by t(-10).
17
Let k(b) = b**2 + 12*b - 10. Suppose 31 - 5 = -2*h. Let r be k(h). Suppose -f = -r*t, f - 2 = t + 4. What is the remainder when 12 is divided by f?
3
Let c be 70/(-98) - 2/7. Let h be 1/4*0 + (-307 - c). What is the remainder when (4 - (-49)/(-14)) + h/(-4) is divided by 16?
13
Let r(w) = 2*w**2 - 26*w + 10. Suppose -10*x - 2 = -8*x, 2*x = -2*y + 28. Suppose -s - 72 = -5*s. What is the remainder when r(y) is divided by s?
16
Suppose -178*r + 396 = -176*r. Suppose 18*w = 9*w - r. Let f = 26 + w. Calculate the remainder when 11 is divided by f.
3
Let o = 8 + -5. What is the remainder when 25 is divided by o?
1
What is the remainder when 3685 is divided by (4617/(-108))/(-57) + (-29)/(-4)?
5
Suppose -3*c + 330 = 2*p - 208, -4*p + 542 = 3*c. What is the remainder when c is divided by 55?
13
Suppose 0 = -0*o - o + 23. Let m(d) = d**3 + 313*d**2 - 959*d - 3372. What is the remainder when m(-316) is divided by o?
12
Let b = 327 + -233. Let o = 14932 + -14915. What is the remainder when b is divided by o?
9
Let b(v) = v**3 - 11*v**2 - 13*v - 28. Let x be b(12). Let r be (-1)/(-1) - (x + (-24)/4). Let d = 80 - r. What is the remainder when d is divided by 17?
16
Let r be (-357)/6*(-32)/(-56). Suppose 4*x - 5*x = 9. Let u = x - r. What is the remainder when u is divided by 14?
11
Let a(z) = z**2 + 65*z + 972. What is the remainder when 4795 is divided by a(-19)?
91
Suppose 5*k + 276 = -2*r + 1372, -3*r + 1598 = -4*k. Suppose -17*f - r = -19*f. What is the remainder when f is divided by 23?
16
Let t(y) = -y**3 - 13*y**2 - 9*y + 39. Let r be t(-12). Let s(a) = 45*a - 87. What is the remainder when 766 is divided by s(r)?
46
Let x be 674/13 + 12/78. Suppose 2*d - 45 = -5*w, -2*w = 2*d + 4 - x. What is the remainder when 49 is divided by d?
24
Suppose -18 = -4*h + h. Let c be 1*(0 + h)*2376/81. Suppose -o - 3*o - 4*x = -c, -2*o - 3*x + 89 = 0. What is the remainder when o is divided by 11?
10
Let c(m) = -2*m + 105. Let t be c(0). Suppose -4*x + t = x. What is the remainder when 398 is divided by x?
20
Let q(l) = -3*l**2 + 3*l + 6. Let h be q(6). Let i = -43 - h. What is the remainder when (-2241)/(-18) + (-14)/4 is divided by i?
39
Let r = -23895 + 24793. What is the remainder when r is divided by 33?
7
Let q(b) = -611*b + 3180. Calculate the remainder when 7998 is divided by q(5).
123
Let z(d) = -d**3 + d**2 - 40. Let o be z(0). Let s = -42 - o. Calculate the remainder when (31 + s)/((-6)/(-6)) is divided by 8.
5
Calculate the remainder when 242522/340 + (-9)/30 is divided by 248.
217
Suppose -u - 15 + 89 = 0. Calculate the remainder when (657/4)/((18/16)/(6/4)) is divided by u.
71
Suppose 2*f + 2*f + 2*q = 402, -5*q = -15. Suppose -3*w + 138 = -f. Let u(m) = 5*m**2 - 996*m + 1977. What is the remainder when w is divided by u(2)?
4
Suppose -11*c - 3*c = -18*c + 3952. Calculate the remainder when c is divided by 27.
16
Suppose -5*u - 4*p - 3485 = -0*p, 3*u + 4*p + 2099 = 0. Let n = u + 746. Calculate the remainder when n is divided by 15.
8
Let b = 208 - 268. What is the remainder when 204 is divided by b/(-105)*945/10?
42
Calculate the remainder when 1039 is divided by (3 - (-15)/5) + (-282)/(-3).
39
Suppose 3*r - 3 = 15. Let l be r/3 - (1 + 15). Let d = l - -15. What is the remainder when 3 is divided by d?
0
Let z = 10 + 15. Suppose 0*v + 90 = 6*v. Suppose 3*k + 11 = -4*t + 26, -t + v = 2*k. 